[INFO] fetching crate solana-runtime 1.3.7...
[INFO] checking solana-runtime-1.3.7 against master#af3c6e733a40e671550e0f0f5aeecaa13772ba56 for pr-74989
[INFO] extracting crate solana-runtime 1.3.7 into /workspace/builds/worker-3/source
[INFO] validating manifest of crates.io crate solana-runtime 1.3.7 on toolchain af3c6e733a40e671550e0f0f5aeecaa13772ba56
[INFO] running `Command { std: "/workspace/cargo-home/bin/cargo" "+af3c6e733a40e671550e0f0f5aeecaa13772ba56" "read-manifest" "--manifest-path" "Cargo.toml", kill_on_drop: false }`
[INFO] started tweaking crates.io crate solana-runtime 1.3.7
[INFO] finished tweaking crates.io crate solana-runtime 1.3.7
[INFO] tweaked toml for crates.io crate solana-runtime 1.3.7 written to /workspace/builds/worker-3/source/Cargo.toml
[INFO] running `Command { std: "/workspace/cargo-home/bin/cargo" "+af3c6e733a40e671550e0f0f5aeecaa13772ba56" "generate-lockfile" "--manifest-path" "Cargo.toml" "-Zno-index-update", kill_on_drop: false }`
[INFO] running `Command { std: "/workspace/cargo-home/bin/cargo" "+af3c6e733a40e671550e0f0f5aeecaa13772ba56" "fetch" "--locked" "--manifest-path" "Cargo.toml", kill_on_drop: false }`
[INFO] [stderr]     Blocking waiting for file lock on package cache
[INFO] running `Command { std: "docker" "create" "-v" "/var/lib/crater-agent-workspace/builds/worker-3/target:/opt/rustwide/target:rw,Z" "-v" "/var/lib/crater-agent-workspace/builds/worker-3/source:/opt/rustwide/workdir:ro,Z" "-v" "/var/lib/crater-agent-workspace/cargo-home:/opt/rustwide/cargo-home:ro,Z" "-v" "/var/lib/crater-agent-workspace/rustup-home:/opt/rustwide/rustup-home:ro,Z" "-e" "SOURCE_DIR=/opt/rustwide/workdir" "-e" "CARGO_TARGET_DIR=/opt/rustwide/target" "-e" "CARGO_HOME=/opt/rustwide/cargo-home" "-e" "RUSTUP_HOME=/opt/rustwide/rustup-home" "-w" "/opt/rustwide/workdir" "-m" "1610612736" "--user" "0:0" "--network" "none" "rustops/crates-build-env@sha256:d92eaeed33fa75130ca1ee6c8a01d1ffb62bac859dfdfb3450e3e5d1c0146529" "/opt/rustwide/cargo-home/bin/cargo" "+af3c6e733a40e671550e0f0f5aeecaa13772ba56" "metadata" "--no-deps" "--format-version=1", kill_on_drop: false }`
[INFO] [stderr] WARNING: Your kernel does not support swap limit capabilities or the cgroup is not mounted. Memory limited without swap.
[INFO] [stdout] 6e629922a16ac2aececdea6034d381215b94c10dd75ba2720e303cd12e571674
[INFO] running `Command { std: "docker" "start" "-a" "6e629922a16ac2aececdea6034d381215b94c10dd75ba2720e303cd12e571674", kill_on_drop: false }`
[INFO] running `Command { std: "docker" "inspect" "6e629922a16ac2aececdea6034d381215b94c10dd75ba2720e303cd12e571674", kill_on_drop: false }`
[INFO] running `Command { std: "docker" "rm" "-f" "6e629922a16ac2aececdea6034d381215b94c10dd75ba2720e303cd12e571674", kill_on_drop: false }`
[INFO] [stdout] 6e629922a16ac2aececdea6034d381215b94c10dd75ba2720e303cd12e571674
[INFO] running `Command { std: "docker" "create" "-v" "/var/lib/crater-agent-workspace/builds/worker-3/target:/opt/rustwide/target:rw,Z" "-v" "/var/lib/crater-agent-workspace/builds/worker-3/source:/opt/rustwide/workdir:ro,Z" "-v" "/var/lib/crater-agent-workspace/cargo-home:/opt/rustwide/cargo-home:ro,Z" "-v" "/var/lib/crater-agent-workspace/rustup-home:/opt/rustwide/rustup-home:ro,Z" "-e" "SOURCE_DIR=/opt/rustwide/workdir" "-e" "CARGO_TARGET_DIR=/opt/rustwide/target" "-e" "CARGO_INCREMENTAL=0" "-e" "RUST_BACKTRACE=full" "-e" "RUSTFLAGS=--cap-lints=forbid" "-e" "CARGO_HOME=/opt/rustwide/cargo-home" "-e" "RUSTUP_HOME=/opt/rustwide/rustup-home" "-w" "/opt/rustwide/workdir" "-m" "1610612736" "--user" "0:0" "--network" "none" "rustops/crates-build-env@sha256:d92eaeed33fa75130ca1ee6c8a01d1ffb62bac859dfdfb3450e3e5d1c0146529" "/opt/rustwide/cargo-home/bin/cargo" "+af3c6e733a40e671550e0f0f5aeecaa13772ba56" "check" "--frozen" "--all" "--all-targets" "--message-format=json", kill_on_drop: false }`
[INFO] [stdout] 70d85d81294210fc9a0a90730d737eaa45115e65d8cf2279b6a3af5361f178fa
[INFO] [stderr] WARNING: Your kernel does not support swap limit capabilities or the cgroup is not mounted. Memory limited without swap.
[INFO] running `Command { std: "docker" "start" "-a" "70d85d81294210fc9a0a90730d737eaa45115e65d8cf2279b6a3af5361f178fa", kill_on_drop: false }`
[INFO] [stderr]    Compiling winapi v0.3.9
[INFO] [stderr]    Compiling fs_extra v1.2.0
[INFO] [stderr]    Compiling rayon-core v1.8.0
[INFO] [stderr]    Compiling libloading v0.6.3
[INFO] [stderr]     Checking same-file v1.0.6
[INFO] [stderr]     Checking remove_dir_all v0.5.3
[INFO] [stderr]     Checking symlink v0.1.0
[INFO] [stderr]    Compiling rayon v1.4.0
[INFO] [stderr]    Compiling paste-impl v0.1.18
[INFO] [stderr]     Checking futures-channel v0.3.5
[INFO] [stderr]     Checking xattr v0.2.2
[INFO] [stderr]     Checking filetime v0.2.12
[INFO] [stderr]     Checking tracing v0.1.19
[INFO] [stderr]    Compiling solana-sdk v1.3.9
[INFO] [stderr]    Compiling solana-runtime v1.3.7 (/opt/rustwide/workdir)
[INFO] [stderr]     Checking solana-rayon-threadlimit v1.3.9
[INFO] [stderr]     Checking crossbeam-channel v0.4.4
[INFO] [stderr]     Checking walkdir v2.3.1
[INFO] [stderr]     Checking tar v0.4.30
[INFO] [stderr]     Checking rand v0.7.3
[INFO] [stderr]     Checking futures-util v0.3.5
[INFO] [stderr]     Checking dir-diff v0.3.2
[INFO] [stderr]    Compiling jemalloc-sys v0.3.2
[INFO] [stderr]     Checking paste v0.1.18
[INFO] [stderr]     Checking ed25519-dalek v1.0.0-pre.4
[INFO] [stderr]     Checking tempfile v3.1.0
[INFO] [stderr]     Checking h2 v0.2.6
[INFO] [stderr]     Checking hyper v0.13.7
[INFO] [stderr]     Checking hyper-rustls v0.21.0
[INFO] [stderr]     Checking reqwest v0.10.8
[INFO] [stderr]     Checking solana-crate-features v1.3.9
[INFO] [stderr]     Checking solana-metrics v1.3.9
[INFO] [stderr]     Checking solana-config-program v1.3.9
[INFO] [stderr]     Checking solana-noop-program v1.3.9
[INFO] [stderr]     Checking solana-vote-program v1.3.9
[INFO] [stderr]     Checking solana-stake-program v1.3.9
[INFO] [stderr]     Checking jemallocator v0.3.2
[INFO] [stderr]     Checking jemalloc-ctl v0.3.3
[INFO] [stderr]     Checking solana-measure v1.3.9
[INFO] [stdout] error[E0432]: unresolved import `solana_sdk::genesis_config::OperatingMode`
[INFO] [stdout]   --> src/bank.rs:42:37
[INFO] [stdout]    |
[INFO] [stdout] 42 |     genesis_config::{GenesisConfig, OperatingMode},
[INFO] [stdout]    |                                     ^^^^^^^^^^^^^ no `OperatingMode` in `genesis_config`
[INFO] [stdout] 
[INFO] [stdout] 
[INFO] [stdout] error[E0432]: unresolved import `solana_sdk::genesis_config::OperatingMode`
[INFO] [stdout]  --> src/builtins.rs:7:5
[INFO] [stdout]   |
[INFO] [stdout] 7 |     genesis_config::OperatingMode,
[INFO] [stdout]   |     ^^^^^^^^^^^^^^^^^^^^^^^^^^^^^ no `OperatingMode` in `genesis_config`
[INFO] [stdout] 
[INFO] [stdout] 
[INFO] [stdout] error[E0432]: unresolved import `solana_sdk::genesis_config::OperatingMode`
[INFO] [stdout]  --> src/rent_collector.rs:6:37
[INFO] [stdout]   |
[INFO] [stdout] 6 |     genesis_config::{GenesisConfig, OperatingMode},
[INFO] [stdout]   |                                     ^^^^^^^^^^^^^ no `OperatingMode` in `genesis_config`
[INFO] [stdout] 
[INFO] [stdout] 
[INFO] [stdout] error[E0432]: unresolved import `solana_sdk::genesis_config::OperatingMode`
[INFO] [stdout]    --> src/accounts.rs:798:9
[INFO] [stdout]     |
[INFO] [stdout] 798 |         genesis_config::OperatingMode,
[INFO] [stdout]     |         ^^^^^^^^^^^^^^^^^^^^^^^^^^^^^ no `OperatingMode` in `genesis_config`
[INFO] [stdout] 
[INFO] [stdout] 
[INFO] [stdout] error[E0432]: unresolved import `solana_sdk::genesis_config::OperatingMode`
[INFO] [stdout]   --> src/bank.rs:42:37
[INFO] [stdout]    |
[INFO] [stdout] 42 |     genesis_config::{GenesisConfig, OperatingMode},
[INFO] [stdout]    |                                     ^^^^^^^^^^^^^ no `OperatingMode` in `genesis_config`
[INFO] [stdout] 
[INFO] [stdout] 
[INFO] [stdout] error[E0432]: unresolved import `solana_sdk::genesis_config::OperatingMode`
[INFO] [stdout]  --> src/builtins.rs:7:5
[INFO] [stdout]   |
[INFO] [stdout] 7 |     genesis_config::OperatingMode,
[INFO] [stdout]   |     ^^^^^^^^^^^^^^^^^^^^^^^^^^^^^ no `OperatingMode` in `genesis_config`
[INFO] [stdout] 
[INFO] [stdout] 
[INFO] [stdout] error[E0432]: unresolved import `solana_sdk::genesis_config::OperatingMode`
[INFO] [stdout]   --> src/builtins.rs:74:49
[INFO] [stdout]    |
[INFO] [stdout] 74 |         genesis_config::{create_genesis_config, OperatingMode},
[INFO] [stdout]    |                                                 ^^^^^^^^^^^^^ no `OperatingMode` in `genesis_config`
[INFO] [stdout] 
[INFO] [stdout] 
[INFO] [stdout] error[E0432]: unresolved import `solana_sdk::genesis_config::OperatingMode`
[INFO] [stdout]  --> src/rent_collector.rs:6:37
[INFO] [stdout]   |
[INFO] [stdout] 6 |     genesis_config::{GenesisConfig, OperatingMode},
[INFO] [stdout]   |                                     ^^^^^^^^^^^^^ no `OperatingMode` in `genesis_config`
[INFO] [stdout] 
[INFO] [stdout] 
[INFO] [stdout] warning: the feature `specialization` is incomplete and may not be safe to use and/or cause compiler crashes
[INFO] [stdout]  --> src/lib.rs:1:48
[INFO] [stdout]   |
[INFO] [stdout] 1 | #![cfg_attr(RUSTC_WITH_SPECIALIZATION, feature(specialization))]
[INFO] [stdout]   |                                                ^^^^^^^^^^^^^^
[INFO] [stdout]   |
[INFO] [stdout]   = note: `#[warn(incomplete_features)]` on by default
[INFO] [stdout]   = note: see issue #31844 <https://github.com/rust-lang/rust/issues/31844> for more information
[INFO] [stdout] 
[INFO] [stdout] 
[INFO] [stdout] warning: the feature `specialization` is incomplete and may not be safe to use and/or cause compiler crashes
[INFO] [stdout]  --> src/lib.rs:1:48
[INFO] [stdout]   |
[INFO] [stdout] 1 | #![cfg_attr(RUSTC_WITH_SPECIALIZATION, feature(specialization))]
[INFO] [stdout]   |                                                ^^^^^^^^^^^^^^
[INFO] [stdout]   |
[INFO] [stdout]   = note: `#[warn(incomplete_features)]` on by default
[INFO] [stdout]   = note: see issue #31844 <https://github.com/rust-lang/rust/issues/31844> for more information
[INFO] [stdout] 
[INFO] [stdout] 
[INFO] [stdout] error[E0283]: type annotations needed
[INFO] [stdout]    --> src/bank.rs:430:5
[INFO] [stdout]     |
[INFO] [stdout] 430 |     pub operating_mode: Option<OperatingMode>,
[INFO] [stdout]     |     ^^^^^^^^^^^^^^^^^^^^^^^^^^^^^^^^^^^^^^^^^ cannot infer type
[INFO] [stdout]     |
[INFO] [stdout]     = note: cannot satisfy `_: std::default::Default`
[INFO] [stdout]     = note: required by `std::default::Default::default`
[INFO] [stdout]     = note: this error originates in a derive macro (in Nightly builds, run with -Z macro-backtrace for more info)
[INFO] [stdout] 
[INFO] [stdout] 
[INFO] [stdout] error[E0283]: type annotations needed
[INFO] [stdout]    --> src/bank.rs:313:19
[INFO] [stdout]     |
[INFO] [stdout] 313 | #[derive(Default, AbiExample)]
[INFO] [stdout]     |                   ^^^^^^^^^^ cannot infer type
[INFO] [stdout]     |
[INFO] [stdout]     = note: cannot satisfy `_: AbiExample`
[INFO] [stdout]     = note: required by `example`
[INFO] [stdout]     = note: this error originates in a derive macro (in Nightly builds, run with -Z macro-backtrace for more info)
[INFO] [stdout] 
[INFO] [stdout] 
[INFO] [stdout] error[E0609]: no field `operating_mode` on type `&GenesisConfig`
[INFO] [stdout]    --> src/bank.rs:452:51
[INFO] [stdout]     |
[INFO] [stdout] 452 |         bank.operating_mode = Some(genesis_config.operating_mode);
[INFO] [stdout]     |                                                   ^^^^^^^^^^^^^^ unknown field
[INFO] [stdout]     |
[INFO] [stdout]     = note: available fields are: `creation_time`, `accounts`, `native_instruction_processors`, `rewards_pools`, `ticks_per_slot` ... and 8 others
[INFO] [stdout] 
[INFO] [stdout] 
[INFO] [stdout] error[E0609]: no field `operating_mode` on type `&GenesisConfig`
[INFO] [stdout]    --> src/bank.rs:639:64
[INFO] [stdout]     |
[INFO] [stdout] 639 |                 .clone_with_epoch(fields.epoch, genesis_config.operating_mode),
[INFO] [stdout]     |                                                                ^^^^^^^^^^^^^^ unknown field
[INFO] [stdout]     |
[INFO] [stdout]     = note: available fields are: `creation_time`, `accounts`, `native_instruction_processors`, `rewards_pools`, `ticks_per_slot` ... and 8 others
[INFO] [stdout] 
[INFO] [stdout] 
[INFO] [stdout] error[E0609]: no field `operating_mode` on type `&GenesisConfig`
[INFO] [stdout]    --> src/bank.rs:650:49
[INFO] [stdout]     |
[INFO] [stdout] 650 |             operating_mode: Some(genesis_config.operating_mode),
[INFO] [stdout]     |                                                 ^^^^^^^^^^^^^^ unknown field
[INFO] [stdout]     |
[INFO] [stdout]     = note: available fields are: `creation_time`, `accounts`, `native_instruction_processors`, `rewards_pools`, `ticks_per_slot` ... and 8 others
[INFO] [stdout] 
[INFO] [stdout] 
[INFO] [stdout] error[E0282]: type annotations needed
[INFO] [stdout]   --> src/rent_collector.rs:13:21
[INFO] [stdout]    |
[INFO] [stdout] 13 | #[derive(Serialize, Deserialize, Clone, PartialEq, Debug, AbiExample)]
[INFO] [stdout]    |                     ^^^^^^^^^^^ consider giving `__field4` a type
[INFO] [stdout]    |
[INFO] [stdout]    = note: this error originates in a derive macro (in Nightly builds, run with -Z macro-backtrace for more info)
[INFO] [stdout] 
[INFO] [stdout] 
[INFO] [stdout] error[E0283]: type annotations needed
[INFO] [stdout]   --> src/rent_collector.rs:22:5
[INFO] [stdout]    |
[INFO] [stdout] 22 | /     #[serde(skip)]
[INFO] [stdout] 23 | |     pub operating_mode: Option<OperatingMode>,
[INFO] [stdout]    | |_____________________________________________^ cannot infer type
[INFO] [stdout]    |
[INFO] [stdout]    = note: cannot satisfy `_: std::default::Default`
[INFO] [stdout]    = note: required by `std::default::Default::default`
[INFO] [stdout] 
[INFO] [stdout] 
[INFO] [stdout] error[E0283]: type annotations needed
[INFO] [stdout]   --> src/rent_collector.rs:13:59
[INFO] [stdout]    |
[INFO] [stdout] 13 | #[derive(Serialize, Deserialize, Clone, PartialEq, Debug, AbiExample)]
[INFO] [stdout]    |                                                           ^^^^^^^^^^ cannot infer type
[INFO] [stdout]    |
[INFO] [stdout]    = note: cannot satisfy `_: AbiExample`
[INFO] [stdout]    = note: required by `example`
[INFO] [stdout]    = note: this error originates in a derive macro (in Nightly builds, run with -Z macro-backtrace for more info)
[INFO] [stdout] 
[INFO] [stdout] 
[INFO] [stdout] error[E0282]: type annotations needed
[INFO] [stdout]   --> src/rent_collector.rs:34:29
[INFO] [stdout]    |
[INFO] [stdout] 34 |             operating_mode: Option::default(),
[INFO] [stdout]    |                             ^^^^^^^^^^^^^^^ cannot infer type for type parameter `T` declared on the enum `Option`
[INFO] [stdout] 
[INFO] [stdout] 
[INFO] [stdout] error[E0283]: type annotations needed
[INFO] [stdout]    --> src/bank.rs:430:5
[INFO] [stdout]     |
[INFO] [stdout] 430 |     pub operating_mode: Option<OperatingMode>,
[INFO] [stdout]     |     ^^^^^^^^^^^^^^^^^^^^^^^^^^^^^^^^^^^^^^^^^ cannot infer type
[INFO] [stdout]     |
[INFO] [stdout]     = note: cannot satisfy `_: std::default::Default`
[INFO] [stdout]     = note: required by `std::default::Default::default`
[INFO] [stdout]     = note: this error originates in a derive macro (in Nightly builds, run with -Z macro-backtrace for more info)
[INFO] [stdout] 
[INFO] [stdout] 
[INFO] [stdout] error[E0283]: type annotations needed
[INFO] [stdout]    --> src/bank.rs:313:19
[INFO] [stdout]     |
[INFO] [stdout] 313 | #[derive(Default, AbiExample)]
[INFO] [stdout]     |                   ^^^^^^^^^^ cannot infer type
[INFO] [stdout]     |
[INFO] [stdout]     = note: cannot satisfy `_: AbiExample`
[INFO] [stdout]     = note: required by `example`
[INFO] [stdout]     = note: this error originates in a derive macro (in Nightly builds, run with -Z macro-backtrace for more info)
[INFO] [stdout] 
[INFO] [stdout] 
[INFO] [stdout] error[E0609]: no field `operating_mode` on type `&solana_sdk::genesis_config::GenesisConfig`
[INFO] [stdout]    --> src/bank.rs:452:51
[INFO] [stdout]     |
[INFO] [stdout] 452 |         bank.operating_mode = Some(genesis_config.operating_mode);
[INFO] [stdout]     |                                                   ^^^^^^^^^^^^^^ unknown field
[INFO] [stdout]     |
[INFO] [stdout]     = note: available fields are: `creation_time`, `accounts`, `native_instruction_processors`, `rewards_pools`, `ticks_per_slot` ... and 8 others
[INFO] [stdout] 
[INFO] [stdout] 
[INFO] [stdout] error: aborting due to 12 previous errors; 1 warning emitted
[INFO] [stdout] 
[INFO] [stdout] 
[INFO] [stdout] Some errors have detailed explanations: E0282, E0283, E0432, E0609.
[INFO] [stdout] 
[INFO] [stdout] For more information about an error, try `rustc --explain E0282`.
[INFO] [stdout] 
[INFO] [stdout] error[E0609]: no field `operating_mode` on type `&solana_sdk::genesis_config::GenesisConfig`
[INFO] [stdout]    --> src/bank.rs:639:64
[INFO] [stdout]     |
[INFO] [stdout] 639 |                 .clone_with_epoch(fields.epoch, genesis_config.operating_mode),
[INFO] [stdout]     |                                                                ^^^^^^^^^^^^^^ unknown field
[INFO] [stdout]     |
[INFO] [stdout]     = note: available fields are: `creation_time`, `accounts`, `native_instruction_processors`, `rewards_pools`, `ticks_per_slot` ... and 8 others
[INFO] [stdout] 
[INFO] [stdout] 
[INFO] [stdout] error[E0609]: no field `operating_mode` on type `&solana_sdk::genesis_config::GenesisConfig`
[INFO] [stdout]    --> src/bank.rs:650:49
[INFO] [stdout]     |
[INFO] [stdout] 650 |             operating_mode: Some(genesis_config.operating_mode),
[INFO] [stdout]     |                                                 ^^^^^^^^^^^^^^ unknown field
[INFO] [stdout]     |
[INFO] [stdout]     = note: available fields are: `creation_time`, `accounts`, `native_instruction_processors`, `rewards_pools`, `ticks_per_slot` ... and 8 others
[INFO] [stdout] 
[INFO] [stdout] 
[INFO] [stderr] error: could not compile `solana-runtime`.
[INFO] [stderr] 
[INFO] [stderr] To learn more, run the command again with --verbose.
[INFO] [stderr] warning: build failed, waiting for other jobs to finish...
[INFO] [stdout] error[E0609]: no field `operating_mode` on type `solana_sdk::genesis_config::GenesisConfig`
[INFO] [stdout]     --> src/bank.rs:4262:24
[INFO] [stdout]      |
[INFO] [stdout] 4262 |         genesis_config.operating_mode = OperatingMode::Stable;
[INFO] [stdout]      |                        ^^^^^^^^^^^^^^ unknown field
[INFO] [stdout]      |
[INFO] [stdout]      = note: available fields are: `creation_time`, `accounts`, `native_instruction_processors`, `rewards_pools`, `ticks_per_slot` ... and 8 others
[INFO] [stdout] 
[INFO] [stdout] 
[INFO] [stdout] error[E0609]: no field `operating_mode` on type `solana_sdk::genesis_config::GenesisConfig`
[INFO] [stdout]     --> src/bank.rs:4332:24
[INFO] [stdout]      |
[INFO] [stdout] 4332 |         genesis_config.operating_mode = OperatingMode::Stable;
[INFO] [stdout]      |                        ^^^^^^^^^^^^^^ unknown field
[INFO] [stdout]      |
[INFO] [stdout]      = note: available fields are: `creation_time`, `accounts`, `native_instruction_processors`, `rewards_pools`, `ticks_per_slot` ... and 8 others
[INFO] [stdout] 
[INFO] [stdout] 
[INFO] [stdout] error[E0609]: no field `operating_mode` on type `solana_sdk::genesis_config::GenesisConfig`
[INFO] [stdout]     --> src/bank.rs:4390:24
[INFO] [stdout]      |
[INFO] [stdout] 4390 |         genesis_config.operating_mode = OperatingMode::Stable;
[INFO] [stdout]      |                        ^^^^^^^^^^^^^^ unknown field
[INFO] [stdout]      |
[INFO] [stdout]      = note: available fields are: `creation_time`, `accounts`, `native_instruction_processors`, `rewards_pools`, `ticks_per_slot` ... and 8 others
[INFO] [stdout] 
[INFO] [stdout] 
[INFO] [stdout] error[E0609]: no field `operating_mode` on type `solana_sdk::genesis_config::GenesisConfig`
[INFO] [stdout]   --> src/builtins.rs:84:24
[INFO] [stdout]    |
[INFO] [stdout] 84 |         genesis_config.operating_mode = OperatingMode::Preview;
[INFO] [stdout]    |                        ^^^^^^^^^^^^^^ unknown field
[INFO] [stdout]    |
[INFO] [stdout]    = note: available fields are: `creation_time`, `accounts`, `native_instruction_processors`, `rewards_pools`, `ticks_per_slot` ... and 8 others
[INFO] [stdout] 
[INFO] [stdout] 
[INFO] [stdout] error[E0282]: type annotations needed
[INFO] [stdout]   --> src/rent_collector.rs:13:21
[INFO] [stdout]    |
[INFO] [stdout] 13 | #[derive(Serialize, Deserialize, Clone, PartialEq, Debug, AbiExample)]
[INFO] [stdout]    |                     ^^^^^^^^^^^ consider giving `__field4` a type
[INFO] [stdout]    |
[INFO] [stdout]    = note: this error originates in a derive macro (in Nightly builds, run with -Z macro-backtrace for more info)
[INFO] [stdout] 
[INFO] [stdout] 
[INFO] [stdout] error[E0283]: type annotations needed
[INFO] [stdout]   --> src/rent_collector.rs:22:5
[INFO] [stdout]    |
[INFO] [stdout] 22 | /     #[serde(skip)]
[INFO] [stdout] 23 | |     pub operating_mode: Option<OperatingMode>,
[INFO] [stdout]    | |_____________________________________________^ cannot infer type
[INFO] [stdout]    |
[INFO] [stdout]    = note: cannot satisfy `_: std::default::Default`
[INFO] [stdout]    = note: required by `std::default::Default::default`
[INFO] [stdout] 
[INFO] [stdout] 
[INFO] [stdout] error[E0283]: type annotations needed
[INFO] [stdout]   --> src/rent_collector.rs:13:59
[INFO] [stdout]    |
[INFO] [stdout] 13 | #[derive(Serialize, Deserialize, Clone, PartialEq, Debug, AbiExample)]
[INFO] [stdout]    |                                                           ^^^^^^^^^^ cannot infer type
[INFO] [stdout]    |
[INFO] [stdout]    = note: cannot satisfy `_: AbiExample`
[INFO] [stdout]    = note: required by `example`
[INFO] [stdout]    = note: this error originates in a derive macro (in Nightly builds, run with -Z macro-backtrace for more info)
[INFO] [stdout] 
[INFO] [stdout] 
[INFO] [stdout] error[E0282]: type annotations needed
[INFO] [stdout]   --> src/rent_collector.rs:34:29
[INFO] [stdout]    |
[INFO] [stdout] 34 |             operating_mode: Option::default(),
[INFO] [stdout]    |                             ^^^^^^^^^^^^^^^ cannot infer type for type parameter `T` declared on the enum `Option`
[INFO] [stdout] 
[INFO] [stdout] 
[INFO] [stdout] error: aborting due to 18 previous errors; 1 warning emitted
[INFO] [stdout] 
[INFO] [stdout] 
[INFO] [stdout] Some errors have detailed explanations: E0282, E0283, E0432, E0609.
[INFO] [stdout] 
[INFO] [stdout] For more information about an error, try `rustc --explain E0282`.
[INFO] [stdout] 
[INFO] [stderr] error: build failed
[INFO] running `Command { std: "docker" "inspect" "70d85d81294210fc9a0a90730d737eaa45115e65d8cf2279b6a3af5361f178fa", kill_on_drop: false }`
[INFO] running `Command { std: "docker" "rm" "-f" "70d85d81294210fc9a0a90730d737eaa45115e65d8cf2279b6a3af5361f178fa", kill_on_drop: false }`
[INFO] [stdout] 70d85d81294210fc9a0a90730d737eaa45115e65d8cf2279b6a3af5361f178fa
